ivative of 11*l**5/20 - 2*l**2. What are the prime factors of k(h)?
3, 11
Let h(u) be the first derivative of -251*u**4/4 - 2*u**3/3 - u**2 - u + 15. What are the prime factors of h(-1)?
2, 5
Suppose -13287 = -5*q + 5298. What are the prime factors of q?
3, 7, 59
Let f(n) = n**2 - 7*n - 3. Let u be f(6). Suppose -4*d - 63 = -d. What are the prime factors of d/u - 4/12?
2
Let s be 6/(-12) - -1 - 9/(-2). Suppose -s*k + 199 = -116. List the prime factors of k.
3, 7
Suppose -3*z + 18 = -3*s - 9, 2*z - 30 = 3*s. Let q = 14 + s. Suppose q*b - 24 = 8. What are the prime factors of b?
2
Suppose 0 = -2*v - 3*b + 3988, -v + b + 1992 = 2*b. List the prime factors of v.
2, 7, 71
Let q = 899 + 1485. List the prime factors of q.
2, 149
Let n be (4/32)/(2/16). Let y(p) = 74*p**3 + 2*p**2 - 3*p + 1. What are the prime factors of y(n)?
2, 37
Let t(x) = 7*x - 7. Let d be t(-3). Let f = d - -36. Let v = 90 - f. List the prime factors of v.
2, 41
Let s be (1 + 0)/((-1)/(-6)*-2). List the prime factors of (-3)/(s - 144/(-49)).
7
What are the prime factors of -3099*(-4)/6*39/78?
1033
Let d(z) = -3*z - 1. Suppose 1 = 5*q + 3*r - 0, -q + 1 = r. What are the prime factors of d(q)?
2
Suppose -552 - 53 = -5*h. Let v = h - 58. What are the prime factors of v?
3, 7
List the prime factors of (402/21)/((-6)/(-126)).
2, 3, 67
Suppose -1764 = -8*p + 3580. What are the prime factors of p?
2, 167
Suppose -q - 5*k = -84 + 8, -2*k = 2*q - 160. Suppose 117 = 2*z - q. What are the prime factors of z?
3, 11
List the prime factors of ((-1098)/(-15))/((-18)/(-960)*8).
2, 61
Let y = -12 - -5. Let c = y + 7. Suppose w + 3*f = -c*w + 22, -2*w - 4*f + 44 = 0. List the prime factors of w.
2, 11
List the prime factors of 28495/9 - (-104)/(-936).
2, 1583
Let d = -192 + 203. Let z(i) = i**2 - 12*i - 14. Let l(c) = 2*c**2 - 24*c - 28. Let q(f) = 2*l(f) - 5*z(f). What are the prime factors of q(d)?
5
Let i = 5 - 87. Let j = i - -375. List the prime factors of j.
293
Suppose 17 = r - 0*r - 3*s, -5*r = 4*s - 28. Suppose r = 4*b - 0. Suppose -2*f - 2*y = b*y - 30, 0 = -f + 2*y + 27. What are the prime factors of f?
3, 7
Let l = 191 + 646. List the prime factors of l.
3, 31
Let x = 37 - 32. Suppose -x*f = -o - 274, -5*o + 0 = -5. List the prime factors of f.
5, 11
Let t(d) = 141*d + 417. List the prime factors of t(13).
2, 3, 5
Let y = 4205 - 1564. List the prime factors of y.
19, 139
Let m(j) = 3*j + 11. Let n be m(-9). Let l be (-5)/((-10)/6) - n. Suppose 3*s - 20 = l. What are the prime factors of s?
13
Let r(l) = -2*l - 26. Let p be r(-15). What are the prime factors of (p/3)/((-6)/(-108))?
2, 3
Suppose 3053 = c + 5*u, -33*c + u = -32*c - 3023. What are the prime factors of c?
2, 757
Let c(y) = -y**2 - 1. Let h(k) = 45*k**2 - 3*k - 5. Let b(r) = -5*c(r) + h(r). What are the prime factors of b(2)?
2, 97
Let q(d) = -29*d + 81. Let z be q(-6). Suppose -4*b = -269 - z. What are the prime factors of b?
131
Suppose 23 = -5*q + 143. Suppose -3*d + 54 + q = 0. What are the prime factors of (-2 - 0) + d + 3?
3
Let m be (-24)/(-9) + -3 - 6/(-18). Suppose v - 5*i - 183 = m, -5*v + 2*i - 3*i + 811 = 0. List the prime factors of v.
163
Let l(y) = 21*y**2 + 1. Let i be l(2). Suppose -550 - i = 5*z. Let u = -65 - z. List the prime factors of u.
2, 31
Suppose 35*r - 18573 - 28152 = 0. List the prime factors of r.
3, 5, 89
Suppose -12*f + 17*f = 1655. What are the prime factors of f?
331
Suppose 2 - 12 = -5*j. Suppose 0 = -5*x - 8*q + 3*q + 135, j*x - 34 = 2*q. List the prime factors of x.
2, 11
Let p(u) = -u + 16. Let v be p(-11). Suppose 0 = -4*w - v - 13. What are the prime factors of (6/(-5))/(3/w)?
2
Suppose 0 = 4*h + 4*r - 530 - 230, -3*h + 2*r = -585. List the prime factors of h.
193
What are the prime factors of (-3 - -5)*(-930)/(-4)?
3, 5, 31
Suppose 4*u - 10 - 74 = 0. List the prime factors of (27 - -1)*u/14.
2, 3, 7
Suppose 0 = m + 11*m - 9972. List the prime factors of m.
3, 277
Let s(r) = 101*r + 19. What are the prime factors of s(8)?
827
Let t(u) = -u**3 + 9*u**2 + 2*u - 2. Suppose -4*w + w = -12. Let i(n) = 2*n + 1. Let r be i(w). List the prime factors of t(r).
2
Suppose r - 4*p = 998, 3*r - 1004 = 2*r - 2*p. Suppose -r = -0*b - 6*b. What are the prime factors of b?
167
Let m(d) = -d**2 + 5*d - 4. Let p be m(4). Suppose 0 = -7*x + 2*x - 2*f + 41, 0 = -3*x + f + 18. Suppose p = -g - 0*g + x. What are the prime factors of g?
7
Let u = 10 - 10. Suppose 3*j + 0*j - 183 = u. What are the prime factors of j?
61
Let y(p) = 136*p + 52. List the prime factors of y(9).
2, 11, 29
Let r be 15*2/(-10)*-3. Let i = r + -1. List the prime factors of (12/i)/(3/36).
2, 3
Let z(y) = y**2 - 3*y - 177. What are the prime factors of z(-34)?
23, 47
Let w(j) = -32*j - 1. Let t = -1 - 0. Let a be w(t). Suppose -11 = -3*l + a. What are the prime factors of l?
2, 7
Let l be (1/(9/8202))/(8/(-24)). What are the prime factors of l/(-14) - ((-210)/(-49) + -4)?
3, 5, 13
Let f(r) = r**3 + 12*r**2 - 12*r + 35. What are the prime factors of f(-13)?
2, 11
Suppose f - 3*s = -123, 5*f + 759 = s + 88. What are the prime factors of ((-84)/(-15))/((-18)/f)?
2, 3, 7
Suppose -4 - 12 = -2*p. Suppose -4*m - 45 = -5*j - p*m, -4*j - 2*m + 30 = 0. Suppose 5*t + 4 = 4*t, -5*a + j*t + 40 = 0. List the prime factors of a.
2
Let d(b) = 88*b**2 + 6*b - 7. Let f be d(3). List the prime factors of f/9 + 4/(-18).
89
Suppose 3*l - 8*l = u - 7, 5*u - l - 9 = 0. Suppose -p - w + u*w = -56, -w + 160 = 3*p. What are the prime factors of p?
2, 3
Suppose 5035 = 20*v - 8145. List the prime factors of v.
659
Let o be (-5)/(-2)*90/25. Let s(b) = 3 + b**2 - 5*b**2 + 4*b - 2*b - b**3 - o. List the prime factors of s(-5).
3
Suppose 0 = -2*g - 6*g + 72. Let p = g + -7. Suppose 5*q - 5*w = 30, -q = p*w - 0*w. List the prime factors of q.
2
Suppose 11*j + 19 + 3 = 0. Let i(x) = -95*x + 5. What are the prime factors of i(j)?
3, 5, 13
Let j = -283 + 975. What are the prime factors of j?
2, 173
Suppose -z + 405 = 22. Let j = -266 + z. List the prime factors of j.
3, 13
Let j = 731 + -411. Let i = -214 + j. List the prime factors of i.
2, 53
Let f(k) = 5*k**2 - 3*k - 8. Let o(y) = -y**2 + y + 1. Let m(a) = f(a) + 4*o(a). List the prime factors of m(-7).
2, 19
Suppose -4*v - 2 = -t - 22, 25 = t + 5*v. Let u = t + 4. List the prime factors of (-8)/u*33/(-6).
11
Suppose -4*v - 249 = -2*m + 73, -m - 2*v = -169. List the prime factors of m.
3, 5, 11
Let j = -247 - -379. Let u = j + -24. What are the prime factors of u?
2, 3
Suppose -2*b - 5*y = -231, 23 = -2*b + 5*y + 224. Suppose 28*p + b = 30*p. List the prime factors of p.
2, 3
Let j(a) be the first derivative of 5*a**2/2 - 10*a + 6. List the prime factors of j(4).
2, 5
Let g = -9 - -11. Let j be (-34)/(-8) + g/(-8). Suppose -j*w = v + 1 + 16, 2*w = -v - 7. What are the prime factors of v?
3
Suppose 2*m - 5*j = 179, 0*m = -4*m + 3*j + 379. Let s = m - 5. List the prime factors of s.
2, 23
What are the prime factors of 20/(-70) + (-18245)/(-35)?
521
Suppose 6*z + 530 = 3*w + z, 3*w - 528 = 3*z. Suppose -o = -5*y - w, 5*y - o = -2*o - 175. Let m = 93 + y. List the prime factors of m.
2, 29
What are the prime factors of 34714/18 - -3 - (-52)/117?
2, 3, 7, 23
Let r(m) be the second derivative of -2*m**3/3 - 12*m**2 + 2*m. List the prime factors of r(-14).
2
Let x = 35 - 46. Let o = x - -39. List the prime factors of o.
2, 7
Let l = -42 - -142. Let w = -83 + l. What are the prime factors of w?
17
Let f(v) = 13*v**2 - 7*v + 5. List the prime factors of f(2).
43
Let n = 511 - -953. What are the prime factors of n?
2, 3, 61
Let x(l) = -21*l - 8. Let p(q) = 3*q - 6. Let v be p(-2). What are the prime factors of x(v)?
2, 61
Let j(z) = -5*z + 17. Let q be j(6). Let v = -11 - q. What are the prime factors of -4*v*12/(-2)?
2, 3
Let s be 3*4/(-6) + 7. Suppose 0 = 5*d + 20 - s. Let h(v) = -v**3 - 3*v**2 + 4. What are the prime factors of h(d)?
2
List the prime factors of (23450/3)/5 - 8/(-12).
2, 17, 23
Let o = 4 + -2. Suppose -o*w = -6*w + 576. List the prime factors of w.
2, 3
Let c(d) = d**2 + 11*d - 1. Let x be c(-5). Let g = x + 6. Let o = 67 + g. List the prime factors of o.
2, 3, 7
List the prime factors of 48/(-64)*(-7212)/9.
601
Let u(h) = 282*h**2 + 6*h + 5. List the prime factors of u(-1).
281
Let z = -78 + 41. Let r =